
-289
Let g(l) = -l**3 + 98*l**2 + 2200*l + 35. What is g(-19)?
472
Let k(d) = 112*d**3 - 28784*d**2 - 17*d + 4377. Determine k(257).
8
Let v(q) = -16*q + 1584. What is v(31)?
1088
Let r(o) = 2*o**2 + 767*o - 46275. Calculate r(53).
-6
Let r(d) = d**3 + 23*d**2 - 194*d + 278. What is r(-30)?
-202
Let k(x) = x**3 + 32*x**2 - 686*x - 21507. What is k(-33)?
42
Let x(m) = -m**3 - m**2 + 7*m + 50. Give x(0).
50
Let l(z) = -z**3 + 23*z**2 - 52*z + 417. Calculate l(22).
-243
Let b(r) = r**3 - 88*r**2 + 1812*r + 127. Determine b(55).
-38
Let k(u) = 29*u**2 + 156*u - 1. Calculate k(-5).
-56
Let w(f) = 24775*f - 198060. What is w(8)?
140
Let b(o) = 7962*o - 199029. What is b(25)?
21
Let s(p) = -p**3 - 13*p**2 + 289*p + 6016. Give s(-22).
4014
Let m(o) = -1043*o - 2325. Calculate m(-2).
-239
Let q(x) = -7*x**2 + 1411*x - 49016. Determine q(157).
-32
Let t(r) = 724*r + 71299. Give t(-98).
347
Let x(q) = 3413*q - 99619. Give x(29).
-642
Let x(y) = 2454*y + 127492. Calculate x(-52).
-116
Let g(j) = -14647*j - 205091. Calculate g(-14).
-33
Let f(o) = -5943*o**3 - 4*o**2 + 19*o - 16. Determine f(1).
-5944
Let v(k) = 766*k - 962. Give v(2).
570
Let r(v) = 201*v - 2804. Give r(13).
-191
Let b(l) = 2*l**3 - 10*l**2 + 445*l - 18. Give b(0).
-18
Let z(x) = 6*x**3 - 143*x - 3. Determine z(-7).
-1060
Let p(i) = -2*i**2 + 416*i + 5984. What is p(221)?
238
Let x(n) = -n**3 - 50*n**2 - 479*n - 2076. Determine x(-14).
-2426
Let u(x) = -18*x**2 - 3814*x - 842. Calculate u(-211).
2534
Let o(p) = -p**2 - 2525*p - 10080. What is o(-4)?
4
Let m(i) = i**3 + 57*i**2 + 96*i + 3911. Determine m(-57).
-1561
Let p(a) = 337*a + 117. Calculate p(6).
2139
Let n(w) = 53512*w - 2247536. Calculate n(42).
-32
Let g(h) = -9460*h - 56754. Calculate g(-6).
6
Let h(v) = -19*v**2 + 937*v - 263. Give h(49).
31
Let i(k) = 31*k**2 + 995*k - 5618. Calculate i(-37).
6
Let z(t) = -2*t**3 - 457*t**2 + 693*t + 686. Determine z(-230).
-4
Let n(x) = 1222*x + 320049. Give n(-262).
-115
Let w(p) = 7327*p - 219569. Give w(30).
241
Let x(b) = -132600*b + 4375803. Calculate x(33).
3
Let w(z) = -z**2 + 90*z - 2282. Give w(55).
-357
Let x(g) = -19*g**2 + 1853*g - 977. Give x(97).
-7
Let h(r) = -15715*r**2 + 220007*r + 83. Determine h(14).
41
Let v(a) = -a**2 - 84*a + 14336. What is v(-169)?
-29
Let r(s) = -3*s**2 - 4940*s - 940405. Calculate r(-1427).
-12
Let y(u) = -305*u**2 - 13725*u + 73. Calculate y(-45).
73
Let m(j) = -2*j**3 + 15856*j**2 + 15857*j + 2. Determine m(-1).
3
Let x(d) = 22894*d - 160258. Calculate x(7).
0
Let p(f) = 7*f**3 - 241*f**2 - 91*f + 124. Give p(35).
1839
Let i(m) = -38*m**2 - 418*m - 938. Determine i(-3).
-26
Let g(q) = 2*q**2 + 78*q - 321. Determine g(-48).
543
Let g(s) = 755*s + 101202. What is g(-134)?
32
Let t(q) = q**3 + 174*q**2 + 5292*q + 1061. Calculate t(-39).
8
Let s(n) = -19617*n + 627682. Give s(32).
-62
Let z(g) = 2836*g + 141954. Give z(-50).
154
Let n(x) = -x**2 + 625*x + 32322. Determine n(-48).
18
Let v(q) = -1602*q + 27029. What is v(17)?
-205
Let a(y) = 10522*y - 73665. Determine a(7).
-11
Let h(j) = -7*j**3 - 113*j**2 - 170*j - 2443. What is h(-16)?
21
Let j(a) = a**2 - 252*a + 8004. Give j(40).
-476
Let q(n) = 281*n - 102652. Determine q(369).
1037
Let f(u) = 11653*u + 81258. Determine f(-7).
-313
Let w(o) = -o**2 - 6643*o + 1859330. What is w(269)?
2
Let t(h) = -2*h**2 + 499*h - 10832. Give t(24).
-8
Let b(m) = 4288*m + 1045. Give b(0).
1045
Let u(v) = -2*v**3 - 30*v**2 - 19*v + 56. Calculate u(-14).
-70
Let n(m) = 3916*m**2 - 121397*m - 10. Calculate n(31).
-41
Let r(h) = 11*h**3 + 18*h**2 - 11*h + 18. Give r(5).
1788
Let d(h) = -395*h + 105440. What is d(267)?
-25
Let r(l) = -3510*l - 459814. What is r(-131)?
-4
Let d(b) = b**2 - 2462*b + 36594. Give d(15).
-111
Let n(l) = -10930*l - 55013. Determine n(-5).
-363
Let m(f) = -f**2 - 154*f - 5395. Calculate m(-104).
-195
Let b(s) = 5085*s**2 + 45697*s - 600. Calculate b(-9).
12
Let d(h) = -3024*h - 6038. Determine d(-2).
10
Let t(h) = h**2 + 59*h + 601. Give t(-13).
3
Let a(w) = -27*w**2 + 1235*w - 1223. Determine a(1).
-15
Let q(y) = -2*y**3 + 276*y**2 - 2593*y - 495. Give q(128).
-4719
Let p(q) = 2*q**3 - 652*q**2 + 2587*q - 3553. Determine p(322).
-11
Let b(s) = -s**2 - 465*s - 11204. Calculate b(-25).
-204
Let a(h) = 2*h**2 + 38*h - 7181. What is a(52)?
203
Let i(h) = 1076050*h - 20444955. What is i(19)?
-5
Let i(p) = 131*p**2 - 2975*p - 44. Determine i(23).
830
Let n(f) = -143*f**2 - 3702*f - 14823. Give n(-4).
-2303
Let w(l) = 1251*l - 490938. Determine w(392).
-546
Let g(b) = -252*b - 175. What is g(2)?
-679
Let q(s) = -s**3 + 1299*s**2 - 73159*s - 59. Determine q(59).
0
Let h(g) = -g**2 + 215*g - 8224. What is h(49)?
-90
Let s(t) = -5*t**2 + 142*t - 961. Calculate s(21).
-184
Let j(c) = -2*c**2 + 4485*c - 2486198. Give j(1240).
2
Let n(g) = 2*g**2 + 311*g + 3078. Determine n(-149).
1141
Let j(p) = -6355*p - 25894. Determine j(-4).
-474
Let j(r) = -18*r**3 + 138*r**2 - 163*r - 19. Calculate j(6).
83
Let i(c) = -2306*c**3 - 25*c**2 - 13*c + 1. Determine i(-1).
2295
Let y(l) = -2326*l + 13862. Give y(6).
-94
Let r(t) = 2*t**2 + 1617*t - 28024. Give r(17).
43
Let c(w) = 19*w**2 - 2158*w + 60397. What is c(50)?
-3
Let r(m) = -2*m**3 - 29*m**2 - 75*m - 235. Determine r(-18).
3383
Let g(n) = 54*n**3 + 9826*n**2 - 365*n + 423. Calculate g(-182).
605
Let q(j) = -2*j**3 - 2*j**2 + 26*j + 86. Calculate q(-4).
78
Let c(x) = x**2 + 2419*x + 222871. Give c(-96).
-137
Let n(p) = p**3 - 96*p**2 - 11*p - 154. Determine n(96).
-1210
Let a(k) = -k**2 - 1074*k - 206137. Give a(-250).
-137
Let s(b) = -32*b**2 - 851*b - 3537. Calculate s(-22).
-303
Let m(y) = -y**2 + 1476*y + 7362. What is m(-5)?
-43
Let c(q) = q**2 + 117*q + 2429. Calculate c(-90).
-1
Let w(a) = 858*a + 46285. Determine w(-54).
-47
Let p(y) = y**3 - 14*y**2 - 128*y + 1313. Determine p(9).
-244
Let s(m) = 138*m**2 + 4504*m - 1653. Give s(-33).
-3
Let a(h) = -528*h - 91839. Determine a(-174).
33
Let l(w) = 2*w**3 - 10*w**2 - 591*w + 2412. What is l(4)?
16
Let t(p) = 155088*p**2 - 22022497*p + 142. Determine t(142).
0
Let n(k) = 462*k + 12961. Determine n(-27).
487
Let b(g) = -76596*g - 382996. Determine b(-5).
-16
Let l(u) = 14914*u - 238710. Give l(16).
-86
Let t(x) = 2*x**3 + 194*x**2 - 1897*x + 1146. Calculate t(-106).
-20
Let w(j) = j**2 + 5829*j + 34936. Calculate w(-6).
-2
Let o(r) = 761*r - 1033. What is o(2)?
489
Let j(u) = -131*u**2 + 455*u + 142. Give j(4).
-134
Let a(q) = -11278*q + 417274. What is a(37)?
-12
Let b(r) = -2*r**3 - 2102*r**2 - 8365*r + 9. Calculate b(-4).
-35
Let w(v) = -2*v**3 + 409*v**2 + 214*v - 1840. Determine w(205).
5
Let p(t) = t**2 - 99*t - 1922. What is p(-18)?
184
Let g(m) = 261*m + 45849. Calculate g(-182).
-1653
Let m(f) = 59180*f - 3195669. Calculate m(54).
51
Let x(m) = -348*m + 31326. What is x(90)?
6
Let z(g) = -g**3 - 44*g**2 - 419*g - 21. Determine z(-14).
-35
Let z(b) = 4*b**3 + 255*b**2 + 164*b - 1109. Determine z(-63).
466
Let o(u) = -272*u**2 + 577*u - 61. Calculate o(2).
5
Let x(c) = c**2 - 14929*c + 432111. Calculate x(29).
11
Let p(k) = -8*k**3 - 1738*k**2 - 434*k - 89. Give p(-217).
-89
Let q(f) = -17757*f + 195396. What is q(11)?
69
Let p(u) = 23052*u + 69205. Calculate p(-3).
49
Let k(p) = 2*p**2 + 326*p + 1882. What is k(-156)?
-302
Let w(h) = h**2 + 201*h - 2784. Determine w(13).
-2
Let n(w) = -75*w**2 - 779*w - 350. Calculate n(-10).
-60
Let n(x) = -x**2 + 1781*x + 135337. Calculate n(-73).
-5
Let t(b) = -3*b**2 + 30*b + 1138. Calculate t(25).
13
Let k(y) = -2*y**2 - 6685*y + 46915. What is k(7)?
22
Let m(i) = 3*i**3 + 171*i**2 - 152*i - 8645. Determine m(-57).
19
Let j(r) = -15782*r + 79108. Calculate j(5).
198
Let p(y) = -y**3 - 105*y**2 - 117*y + 28976. Give p(-101).
-11
Let j(i) = i**3 - 15*i**2 - 532*i + 8608. Determine j(20).
-32
Let h(g) = -2077*g + 58153. Determine h(28).
-3
Let c(k) = 2*k**3 - 208*k**2 - 1324*k + 427. What is c(110)?
-13
Let c(o) = -2*o**3 + 54*o**2 - 346*o - 353. Determine c(14).
-101
Let q(u) = -19459*u - 271971. Determine q(-14).
455
Let b(v) = -192*v + 9841. Determine b(53).
-335
Let m(i) = 718*i + 25844. Determine m(-36).
-4
Let s(l) = 6731*l - 66935. What is s(10)?
375
Let j(y) = -y**3 + 133*y**2 - 1475*y - 1158. Calculate j(13).
-53
Let y(w) = -w**2 - 1801*w - 62045